 of 2477?
7
What is the hundreds digit of 3775?
7
What is the hundreds digit of 1261?
2
What is the tens digit of 8972?
7
What is the units digit of 207?
7
What is the hundreds digit of 124067?
0
What is the tens digit of 1940?
4
What is the hundreds digit of 9673?
6
What is the units digit of 79884?
4
What is the thousands digit of 8432?
8
What is the hundreds digit of 17483?
4
What is the tens digit of 4352?
5
What is the thousands digit of 7329?
7
What is the hundreds digit of 56240?
2
What is the thousands digit of 56268?
6
What is the tens digit of 7881?
8
What is the units digit of 62276?
6
What is the tens digit of 16444?
4
What is the hundreds digit of 70937?
9
What is the tens digit of 4210?
1
What is the thousands digit of 4050?
4
What is the hundreds digit of 2033?
0
What is the units digit of 954?
4
What is the tens digit of 36?
3
What is the hundred thousands digit of 109433?
1
What is the hundreds digit of 14859?
8
What is the units digit of 71450?
0
What is the units digit of 4655?
5
What is the hundreds digit of 356?
3
What is the ten thousands digit of 101723?
0
What is the ten thousands digit of 98896?
9
What is the tens digit of 4235?
3
What is the units digit of 10077?
7
What is the thousands digit of 3393?
3
What is the thousands digit of 51213?
1
What is the thousands digit of 5377?
5
What is the tens digit of 20918?
1
What is the thousands digit of 101365?
1
What is the units digit of 5799?
9
What is the tens digit of 6868?
6
What is the hundreds digit of 11743?
7
What is the ten thousands digit of 36732?
3
What is the tens digit of 9040?
4
What is the units digit of 837?
7
What is the hundreds digit of 7955?
9
What is the hundreds digit of 8497?
4
What is the units digit of 766?
6
What is the ten thousands digit of 34930?
3
What is the tens digit of 257?
5
What is the thousands digit of 56065?
6
What is the ten thousands digit of 23639?
2
What is the units digit of 3723?
3
What is the thousands digit of 14127?
4
What is the hundreds digit of 389?
3
What is the tens digit of 103749?
4
What is the units digit of 764?
4
What is the thousands digit of 1807?
1
What is the units digit of 2375?
5
What is the units digit of 23050?
0
What is the units digit of 2029?
9
What is the tens digit of 51368?
6
What is the units digit of 27933?
3
What is the units digit of 4242?
2
What is the ten thousands digit of 18321?
1
What is the thousands digit of 6040?
6
What is the thousands digit of 3268?
3
What is the tens digit of 28117?
1
What is the units digit of 6501?
1
What is the tens digit of 7440?
4
What is the units digit of 1183?
3
What is the tens digit of 18757?
5
What is the tens digit of 15665?
6
What is the units digit of 25421?
1
What is the tens digit of 1840?
4
What is the hundreds digit of 51694?
6
What is the units digit of 2846?
6
What is the units digit of 793?
3
What is the units digit of 54459?
9
What is the tens digit of 119570?
7
What is the tens digit of 24686?
8
What is the ten thousands digit of 50622?
5
What is the thousands digit of 1089?
1
What is the thousands digit of 26325?
6
What is the units digit of 10452?
2
What is the units digit of 1216?
6
What is the tens digit of 34903?
0
What is the hundreds digit of 360?
3
What is the thousands digit of 37011?
7
What is the units digit of 121?
1
What is the hundreds digit of 1818?
8
What is the thousands digit of 17298?
7
What is the units digit of 55922?
2
What is the hundreds digit of 50301?
3
What is the tens digit of 7935?
3
What is the tens digit of 8757?
5
What is the thousands digit of 3281?
3
What is the units digit of 510?
0
What is the hundreds digit of 3004?
0
What is the units digit of 10619?
9
What is the units digit of 833?
3
What is the hundreds digit of 47459?
4
What is the tens digit of 78?
7
What is the hundred thousands digit of 130563?
1
What is the thousands digit of 9785?
9
What is the tens digit of 25866?
6
What is the tens digit of 10014?
1
What is the thousands digit of 25107?
5
What is the thousands digit of 143067?
3
What is the hundreds digit of 1510?
5
What is the tens digit of 275?
7
What is the thousands digit of 32917?
2
What is the tens digit of 4087?
8
What is the hundred thousands digit of 173381?
1
What is the tens digit of 582?
8
What is the hundreds digit of 2708?
7
What is the units digit of 517?
7
What is the tens digit of 22468?
6
What is the hundreds digit of 25318?
3
What is the units digit of 88?
8
What is the tens digit of 18719?
1
What is the units digit of 11667?
7
What is the tens digit of 13795?
9
What is the units digit of 409?
9
What is the tens digit of 29344?
4
What is the units digit of 104?
4
What is the units digit of 21446?
6
What is the tens digit of 2503?
0
What is the hundreds digit of 5018?
0
What is the tens digit of 31521?
2
What is the units digit of 982?
2
What is the hundreds digit of 67006?
0
What is the thousands digit of 9609?
9
What is the tens digit of 666?
6
What is the hundreds digit of 163377?
3
What is the thousands digit of 2140?
2
What is the tens digit of 6354?
5
What is the tens digit of 86214?
1
What is the tens digit of 6459?
5
What is the hundreds digit of 348?
3
What is the units digit of 53307?
7
What is the hundred thousands digit of 145972?
1
What is the thousands digit of 12198?
2
What is the thousands digit of 22428?
2
What is the ten thousands digit of 15347?
1
What is the units digit of 1902?
2
What is the hundreds digit of 402?
4
What is the hundreds digit of 3113?
1
What is the units digit of 11206?
6
What is the units digit of 711?
1
What is the tens digit of 817?
1
What is the tens digit of 133595?
9
What is the hundreds digit of 1885?
8
What is the hundreds digit of 2996?
9
What is the thousands digit of 5188?
5
What is the ten thousands digit of 47398?
4
What is the tens digit of 5901?
0
What is the thousands digit of 139360?
9
What is the tens digit of 12988?
8
What is the units digit of 321?
1
What is the hundreds digit of 616?
6
What is the hundreds digit of 1040?
0
What is the units digit of 92876?
6
What is the thousands digit of 1398?
1
What is the hundreds digit of 3265?
2
What is the hundreds digit of 26678?
6
What is the hundred thousands digit of 163455?
1
What is the units digit of 889?
9
What is the units digit of 780?
0
What is the ten thousands digit of 135094?
3
What is the units digit of 239?
9
What is the hundreds digit of 765?
7
What is the hundreds digit of 1017?
0
What is the units digit of 440?
0
What is the units digit of 45?
5
What is the hundreds digit of 42989?
9
What is the tens digit of 1670?
7
What is the hundreds digit of 6618?
6
What is the hundreds digit of 11821?
8
What is the hundreds digit of 1207?
2
What is the tens digit of 1143?
4
What is the tens digit of 4928?
2
What is the hundreds digit of 21387?
3
What is the hundreds digit of 86842?
8
What is the ten thousands digit of 35343?
3
What is the hundreds digit of 3061?
0
What is the units digit of 1021?
1
What is the ten thousands digit of 43316?
4
What is the hundreds digit of 26864?
8
What is the tens digit of 642?
4
What is the units digit of 1775?
5
What is the thousands digit of 32216?
2
What is the hundreds digit of 3526?
5
What is the hundreds digit of 268?
2
What is the tens digit of 13577?
7
What is the units digit of 433?
3
What is the tens digit of 26602?
0
What is the hundreds digit of 2666?
6
What is the ten thousands digit of 24413?
2
What is the hundred thousands digit of 146039?
1
What is the units digit of 183149?
9
What is the units digit of 598?
8
What is the ten thousands digit of 18011?
1
What is the units digit of 39811?
1
What is the units digit of 5477?
7
What is the thousands digit of 21583?
1
What is the tens digit of 24273?
7
What is the hundreds digit of 1162?
1
What is the tens digit of 889?
8
What is the units digit of 59483?
3
What is the hundreds digit of 6310?
3
What is the units digit of 1484?
4
What is the thousands digit of 141301?
1
What is the hundreds digit of 14707?
7
What is the units digit of 8510?
0
What is the thousands digit of 1170?
1
What is the tens digit of 767?
6
What is the units digit of 2059?
9
What is the units digit of 1286?
6
What is the tens digit of 10911?
1
What is the thousands digit of 7402?
7
What is the tens digit of 